4, what is 150 - b?
143
In base 6, what is 4 - -1035?
1043
In base 12, what is 26b - 2?
269
In base 4, what is 1 - -122?
123
In base 13, what is -1 - -533?
532
In base 14, what is 1c - -231?
24d
In base 9, what is 250 - -6?
256
In base 4, what is -11112 - -3?
-11103
In base 9, what is 5 + -546?
-541
In base 5, what is -1 + -244?
-300
In base 13, what is 2 - 2?
0
In base 8, what is -53 + 61?
6
In base 3, what is 11 + -12101000?
-12100212
In base 11, what is 30 - -5a2?
622
In base 10, what is 12 - -60?
72
In base 9, what is 4 - 31?
-26
In base 15, what is -8 + 28?
20
In base 5, what is 1 - 212?
-211
In base 5, what is 2402 + 14?
2421
In base 4, what is -313 + 120?
-133
In base 7, what is 0 + -1?
-1
In base 13, what is -1 - 58c?
-590
In base 13, what is -1 + -c11?
-c12
In base 8, what is 107 + -4?
103
In base 16, what is -608 - 2?
-60a
In base 10, what is -17 - -40?
23
In base 3, what is -10 - -10?
0
In base 4, what is -13 - 312?
-331
In base 4, what is -212202 - 1?
-212203
In base 3, what is 12 + 2221?
10010
In base 2, what is 101 + 10111?
11100
In base 2, what is -11 - 1000001100?
-1000001111
In base 7, what is -114 + 61?
-23
In base 6, what is 45543 + 4?
45551
In base 16, what is -95 + 3?
-92
In base 14, what is 61 + 11?
72
In base 7, what is 535 - -4?
542
In base 5, what is 0 + -130?
-130
In base 2, what is -10110100 - 0?
-10110100
In base 13, what is -9 + -95?
-a1
In base 7, what is -3 - -1236?
1233
In base 7, what is 12336 + 3?
12342
In base 10, what is -1818 + -1?
-1819
In base 15, what is -1828 + 2?
-1826
In base 3, what is 2001 - 11?
1220
In base 13, what is 1 + -1965?
-1964
In base 11, what is 0 + 1a9?
1a9
In base 16, what is -ba2 + 4?
-b9e
In base 14, what is -6 + -1ad?
-1b5
In base 11, what is 3 - -295?
298
In base 6, what is 40331 + 2?
40333
In base 13, what is 5 + 509?
511
In base 13, what is -8 - -7a7?
79c
In base 3, what is 1021 + 1222?
10020
In base 15, what is 225 + 0?
225
In base 12, what is 3 + -16?
-13
In base 4, what is 23033 - -2?
23101
In base 9, what is 1310 - 12?
1287
In base 15, what is -762 - -4?
-75d
In base 16, what is -b8 + -3?
-bb
In base 11, what is 3297 + 0?
3297
In base 6, what is -11 + -4211?
-4222
In base 6, what is 4 + 51440?
51444
In base 15, what is -b - -18?
c
In base 12, what is 9 - -141?
14a
In base 14, what is -a0d - 5?
-a14
In base 6, what is -123 - -4?
-115
In base 8, what is 5 - 111?
-104
In base 2, what is 100 - -1011000?
1011100
In base 8, what is -2 + 3074?
3072
In base 15, what is 7 + 15?
1c
In base 14, what is -2 + -67?
-69
In base 6, what is 0 - 124?
-124
In base 11, what is 5 - 611?
-607
In base 11, what is -12 - -42?
30
In base 12, what is -21 - 11?
-32
In base 9, what is 22 + -148?
-126
In base 8, what is -4401 - -1?
-4400
In base 11, what is -1 - -10?
a
In base 3, what is -2222022 - -10?
-2222012
In base 10, what is 2218 + 2?
2220
In base 16, what is -32 + 0?
-32
In base 16, what is -86 + -b?
-91
In base 10, what is -76 + 4?
-72
In base 4, what is 332213 + -3?
332210
In base 5, what is 103 + -1002?
-344
In base 2, what is 1010011 - -1?
1010100
In base 10, what is 1 - -132?
133
In base 13, what is -94 + -24?
-b8
In base 9, what is 333 - 2?
331
In base 3, what is 100021 - 10?
100011
In base 16, what is -1 - 7?
-8
In base 15, what is 3 + -182?
-17e
In base 10, what is -2 - 293?
-295
In base 5, what is -1002 - -203?
-244
In base 8, what is -1576 + -4?
-1602
In base 14, what is 13c - -2?
140
In base 15, what is -a - 6b?
-76
In base 9, what is -147 - 4?
-152
In base 13, what is -a1 - 4?
-a5
In base 7, what is 0 + 35?
35
In base 11, what is -31 - -5?
-27
In base 7, what is 3 + 20256?
20262
In base 9, what is 363 - 5?
357
In base 13, what is 918 + 0?
918
In base 7, what is 4 - -44?
51
In base 14, what is -20 + 6?
-18
In base 12, what is -90 - 7?
-97
In base 16, what is c + 3e?
4a
In base 2, what is -11100110 - 0?
-11100110
In base 2, what is 1100011 - -110?
1101001
In base 15, what is 4 + 4a?
4e
In base 11, what is 2a8 - 0?
2a8
In base 3, what is -10101 - -12?
-10012
In base 14, what is 1 + -1?
0
In base 7, what is -5 + 1451?
1443
In base 11, what is -3 - -669?
666
In base 6, what is 23 + -3?
20
In base 8, what is -6 - 131?
-137
In base 3, what is 11 + 22022?
22110
In base 6, what is -5 - 343?
-352
In base 2, what is 1100000 + -11?
1011101
In base 16, what is -9 - 7?
-10
In base 13, what is -1a - -72?
55
In base 9, what is -7 - 2800?
-2807
In base 8, what is -321 + -1?
-322
In base 13, what is 2 + -36?
-34
In base 8, what is 333 + -2?
331
In base 7, what is -120 - -506?
356
In base 12, what is 318 - -4?
320
In base 11, what is -346 - -3?
-343
In base 3, what is 2012 + 2020?
11102
In base 9, what is 4 + -3?
1
In base 15, what is 1 + 1?
2
In base 7, what is -3 - -663?
660
In base 13, what is 12 + 0?
12
In base 7, what is -15 + -12?
-30
In base 7, what is -13 - 4?
-20
In base 13, what is -2 - 57?
-59
In base 2, what is 1000001 - 0?
1000001
In base 10, what is -3 - 164?
-167
In base 6, what is 3 - 3311?
-3304
In base 4, what is -2 - 31233?
-31301
In base 11, what is 4 - 317?
-313
In base 13, what is -b7c5 + -1?
-b7c6
In base 3, what is -2 - -2202?
2200
In base 2, what is -101 - -101101111011?
101101110110
In base 15, what is -7 - -25?
1d
In base 13, what is -4 - 103?
-107
In base 10, what is 1 - 3239?
-3238
In base 14, what is 1b - -30?
4b
In base 2, what is -11 - 1100011001?
-1100011100
In base 10, what is 4 - 1000?
-996
In base 5, what is 2224142 - 1?
2224141
In base 11, what is -554 - 1?
-555
In base 10, what is 104 + -10?
94
In base 14, what is 1 + -2d?
-2c
In base 16, what is -42 - -7c?
3a
In base 2, what is -1001110 - -10101?
-111001
In base 15, what is -5 - d?
-13
In base 11, what is 8 + 11?
19
In base 4, what is -22033 + -2?
-22101
In base 14, what is -1 + -324?
-325
In base 15, what is -2 - -42?
40
In base 13, what is -318 + 4?
-314
In base 8, what is -2 - 504?
-506
In base 12, what is 11 + 1?
12
In base 4, what is 231 + -10?
221
In base 4, what is 1010 + -22?
322
In base 8, what is 2 - -475?
477
In base 15, what is -3 + 4e9?
4e6
In base 6, what is -13 + 2220?
2203
In base 15, what is -155 - 9?
-15e
In base 9, what is -55 - 8?
-64
In base 2, what is 10101110 + 10?
10110000
In base 8, what is 1 - 341?
-340
In base 6, what is -1401 + 5?
-1352
In base 14, what is 39 - 4?
35
In base 11, what is -28013 - 0?
-28013
In base 13, what is 2 - -431?
433
In base 3, what is -1112221 + -11?
-1120002
In base 7, what is -13025 - 1?
-13026
In base 15, what is 9 - 2a?
-21
In base 8, what is 12 - 1?
11
In base 3, what is -11 + 120000?
112212
In base 12, what is -2 - -69?
67
In base 10, what is 29 - -272?
301
In base 8, what is -5 - -157?
152
In base 4, what is 10130 - 11?
10113
In base 13, what is -5 - -4c?
47
In base 9, what is 1 - 78?
-77
In base 5, what is 1413 + 0?
1413
In base 15, what is -8 - 59?
-62
In base 15, what is -3b8 + -5?
-3bd
In base 3, what is 2201002 + 22?
2201101
In base 7, what is -45 - 23?
-101
In base 8, what is -7 + -7?
-16
In base 9, what is -2 - 41?
-43
In base 6, what is -141100 + 1?
-141055
In base 12, what is 3 + -19?
-16
In base 11, what is 2 - 548?
-546
In base 6, what is -3 - -10?
3
In base 16, what is 5d7 - 5?
5d2
In base 12, what is 0 - 250?
-250
In base 16, what is -c - 4?
-10
In base 12, what is -5 - 362?
-367
In base 8, what is -3 + -31?
-34
In base 2, what is 11000100000010 - 0?
11000100000010
In base 8, what is 132 + -5?
125
In base 5, what is -4 + 2043?
2034
In base 11, what is 10 - 162?
-152
In base 11, what is 0 - -916?
916
In base 11, what is -3 + -149?
-151
In base 15, what is 62 + -29?
38
In base 16, what is dd + 2?
df
In base 13, what is -804 + 0?
-804
In base 2, what is -1001110 + -100010?
-1110000
In base 11, what is -62 - 67?
-119
In base 11, what is -471 - -4?
-468
In base 3, what is -22212 + -12?
-100001
In base 11, what is -5a7 - -5?
-5a2
In base 15, what is -5 + -4c5?
-4ca
In base 14, what is 3 - 46d?
-46a
In base 10, what is 4 + 234?
238
In base 2, what is -11000011100 - -10?
-11000011010
In base 8, what is -1 + 125?
124
In base 10, what is -5 + -1522?
-1527
In base 14, what is 8 + 6?
10
In base 15, what is -1e - -1b?
-3
In base 4, what is 210110 + -11?
210033
In base 6, what is 12 + 554?
1010
In base 4, what is 132 + -11?
121
In base 5, what is -1230 - 4